(-1 + (1 - 1))/(31/(-527)). Let p = 288 + m. List the prime factors of p.
5, 61
Let g(j) = -j**3 + 13*j**2 - 8*j - 12. Let b be g(12). Suppose -34*a - 28 = -b*a. List the prime factors of a.
2, 7
Let u(b) = b**2 - 7*b - 13. Let g be u(9). Suppose g*x + 4*x = 10116. List the prime factors of x.
2, 281
Let h(a) = 2*a - 18. Let w(z) = 4*z - 36. Let m(c) = 5*h(c) - 2*w(c). Let p be m(12). Suppose p*l - 207 = 303. List the prime factors of l.
5, 17
Suppose -3*x + r + 13 = -0*r, -x - r = -11. Suppose -10*t - x*t = -544. What are the prime factors of t?
2, 17
Let q be (16/(-12))/(8*1/(-18)). Let w be (39*2/q)/2. Suppose w*r - 1115 - 939 = 0. List the prime factors of r.
2, 79
Suppose 672*o - 24623641 - 6276935 = 0. What are the prime factors of o?
7, 6569
Let j(t) = -t**3 - 2*t**2 - 9*t - 10. Let k(h) = -3*h**2 - 9*h - 9. Let u(i) = 5*j(i) - 4*k(i). List the prime factors of u(-4).
2, 11, 17
Let t = -254 + 451. What are the prime factors of t?
197
Let m(j) be the second derivative of -2*j**4/3 + 5*j**3/6 - 3*j**2/2 + 13*j. Let b be m(3). Let a = 130 + b. What are the prime factors of a?
2, 5, 7
Let o(n) = -5*n - 4. Let z be o(-2). Suppose 3*s + 1 - 7 = -4*u, -5*u - z = -3*s. Suppose -5*x + 0*x + 690 = u. What are the prime factors of x?
2, 3, 23
Let l be ((-3)/3)/(3/(-57)). Suppose -p - l = -49. List the prime factors of 6/p + (-358)/(-10).
2, 3
Suppose 434026 = 18*h + 49*h. List the prime factors of h.
2, 41, 79
Suppose 6*b = 7*b - 177. Let r = 387 - b. What are the prime factors of r?
2, 3, 5, 7
Suppose -3*z - 4 + 25 = 2*k, 2*k - 11 = -z. Suppose 0 = a - z*a + 4*b + 5968, -5*a + 7430 = 5*b. What are the prime factors of a?
1489
Suppose -m + 78620 = 3*h, 0 = -4*m + 5*h + 126442 + 187885. What are the prime factors of m?
78593
Suppose p = 3*w + 495 + 435, 4*p - 3*w = 3675. Let b = p - 561. List the prime factors of b.
2, 3, 59
Suppose 1 = w - 1. Suppose 5*c = -15, -4*v - w*c = -2*v - 62. Suppose -3*o + v + 118 = 2*t, 0 = 2*t + 4*o - 156. List the prime factors of t.
2, 5, 7
Let y = 25521 + -14017. What are the prime factors of y?
2, 719
Suppose 0 = -50*l + 1128839 - 173439. What are the prime factors of l?
2, 17, 281
Let z(g) be the second derivative of -53*g**3/2 - 5*g**2/2 + 21*g. Let f be z(1). Let q = 277 + f. What are the prime factors of q?
113
Let x = -120 + 120. Suppose -2*j - 1378 = -4*n - x*j, -6 = 2*j. List the prime factors of n.
7
Let u(o) = o - 3. Let z be u(2). Let v be 6*(1 - z/(-2)). Suppose -552 = -9*y + v*y. What are the prime factors of y?
2, 23
Let b(c) = -c**2 + 15*c + 136. Let r be b(21). Let s(w) = 2*w**3 - 16*w**2 + 24*w - 24. List the prime factors of s(r).
2, 7, 11
Suppose -81*m - 988495 + 3762380 = -22*m. What are the prime factors of m?
5, 9403
Suppose 0 = 289*f - 13900336 - 1267829. List the prime factors of f.
3, 5, 3499
Suppose -5*a = r + 4, -4*a + 43*r - 45*r = 8. Suppose -260 = -19*d + 18*d + g, a = -d + 2*g + 259. List the prime factors of d.
3, 29
Let z be ((-14)/6)/((-7)/336*2). Let u = -54 + z. Suppose u*f - f - 83 = 0. What are the prime factors of f?
83
Let t(g) = -g**2 - 5*g + 5. Let w be t(-5). Let l = -3135 + 3708. Suppose -l = -5*x + 3*a + a, -w*x + 2*a = -569. What are the prime factors of x?
113
Suppose -f + 5174 = n - 0*n, -15515 = -3*n + 4*f. What are the prime factors of n?
7, 739
Suppose -21*a = -22057 - 97748. What are the prime factors of a?
5, 7, 163
Let m = 4381 - 410. What are the prime factors of m?
11, 19
Let y = -363 + 275. What are the prime factors of y/20 + 9/(-15) + 881?
2, 3, 73
Let x(c) = 37*c + 16. Let v be x(7). Suppose v = u + 2*l, -2*l + 1508 = 5*u + 93. What are the prime factors of u?
3, 5, 19
Let o(q) = -91*q - 2463. List the prime factors of o(-42).
3, 151
Let w = -109 + 105. List the prime factors of (-5)/((-120)/(-32))*267/w.
89
Suppose -145*u - 11*u + 28*u = -780032. List the prime factors of u.
2, 11, 277
What are the prime factors of (-29418)/((-450)/(-36) + -14)?
2, 4903
What are the prime factors of 13921 + (2/3)/((-54)/567)?
2, 3, 773
Let o(y) = y + 34. Let i be o(-6). Suppose 0 = 3*l + i + 2. Let s = l - -42. What are the prime factors of s?
2
Let m(k) = -59*k + 299. Let s be m(5). Suppose 4*w - 880 = -s*i, 7*i - 8*i - 2*w + 217 = 0. What are the prime factors of i?
223
Suppose 2*g - 295*q + 300*q = 6808, -3*g = -3*q - 10275. What are the prime factors of g?
13, 263
Suppose 6*d - 44856 = -15*d. Let c = d + -1249. List the prime factors of c.
887
What are the prime factors of (42638/5 - 48/80)*(5 - 4)?
8527
Let p(x) = -3*x - 7. Let u be p(-5). Suppose -m = u - 129. What are the prime factors of m?
11
Suppose -3*d + 10*d - 154 = 0. Suppose -o - d = -5*q, 14 = -4*o + q - 36. What are the prime factors of 119 - (4/3)/((-8)/o)?
3, 13
Let n = 539 - -77. Suppose y + 756 = 5*j - 0*j, 4*j + 2*y - n = 0. What are the prime factors of j?
2, 19
Let a be (-22)/165 - 12535/(-75). Let r = a + 1037. What are the prime factors of r?
2, 7, 43
Suppose -3*i + 2*l + 7 = 0, -4*i + 15 = 4*l - l. Let z be (i - (1 - 2))*9. Suppose -8*j = -7*j - z. What are the prime factors of j?
2, 3
Let i be 4388 + 2 + 13 + -6. Let g = i + -2984. What are the prime factors of g?
3, 157
Let u(g) = 68*g**2 - 8*g + 44. Let t be u(5). Suppose -31*z - t = -27*z. Let b = 733 + z. List the prime factors of b.
307
Let l(n) = 6*n**2 - 3*n - 48. Let c be l(18). Suppose -3*m + c = 3*x, 0*m - x + 1848 = 3*m. List the prime factors of m.
617
Suppose -1871 = r - 6778. List the prime factors of r.
7, 701
Suppose -3*q + 2*x + 11020 = 0, 3*q - x = -5*x + 10990. Suppose 0 = -16*v + 6*v - q. Let a = 614 + v. List the prime factors of a.
13, 19
List the prime factors of (-15 + (-33363)/22)/((-1)/8*2).
2, 3, 1021
Let d(z) = 16*z**2 - 10*z**2 - 3 - 3*z - 5*z. Suppose 0 = 8*o - 13*o - 15. What are the prime factors of d(o)?
3, 5
Suppose 3*t + 24 = 15*t. List the prime factors of 332 + 1/(3/(-6)*t).
331
Let q = 20799 - -5094. List the prime factors of q.
3, 7, 137
Let l = 1533 - 1050. Suppose 8*r - l + 75 = 0. What are the prime factors of r?
3, 17
List the prime factors of (95056/28)/(1*16/56) - 8.
2, 3, 1979
Suppose 0*f - 4*f + 8 = 0. Suppose f*n - 3*k = -6*k + 39, k = -n + 18. List the prime factors of n/40 - ((-989)/8 - 2).
2, 3, 7
Let m(i) = 25*i - 12. Let o(f) = 52*f - 32. Let y(x) = -7*m(x) + 3*o(x). Let n be -9*1 - 2*-1. What are the prime factors of y(n)?
11
Let o be (-15744)/(-14) - 96/168. Let a = -353 + o. List the prime factors of a.
3, 257
Let a = -194 - -202. Suppose a*l + 9*l = 13838. List the prime factors of l.
2, 11, 37
Let v(w) = w**2 - 42*w + 218. Let y be v(6). Suppose y*r - 5*r = g - 2166, 2*r - 1444 = -3*g. List the prime factors of r.
2, 19
Let f(t) = 18*t**2 - 36*t - 154. Let n be f(-5). Suppose -5*q + 4*m = -n, 12*m = 5*q + 14*m - 452. What are the prime factors of q?
2, 23
Let p = -1 + 9. Let v(w) = -p*w + 11 - 14 - 11*w + 10. List the prime factors of v(-4).
83
List the prime factors of 12/4 - (-3285 - (-1 - -9)).
2, 103
Let s(k) = -23*k - 279. Let g be s(-13). Suppose 11 = -0*w + 4*w + 3*u, -2*w = 3*u - 1. Suppose g = w*r - r. What are the prime factors of r?
5
Suppose -2*x = -3*g + 9, -g = -3*x + 6 - 2. Suppose 2261 - 413 = x*f. List the prime factors of f.
2, 7, 11
Let s(o) = -2*o**2 + 34*o - 21. Let i be s(11). List the prime factors of 50/40 + i/4.
29
Let l = 36686 - -41700. List the prime factors of l.
2, 7, 11, 509
Let q(v) = 2*v**2 + 82*v + 48. Let y = 110 + -152. List the prime factors of q(y).
2, 3, 11
Suppose -77*h + 99043 + 1439677 = 314959. List the prime factors of h.
23, 691
Let i(t) = -t**3 + t**2 + 143*t - 51. List the prime factors of i(-23).
2, 2339
Let q(g) = -g**3 - 3*g**2 - 15*g - 44. Let o be q(-3). Suppose 2*l + 3 = -5. List the prime factors of 129*(l + 5) + o.
2, 5, 13
Suppose -3096279 = 11197*g - 11238*g. What are the prime factors of g?
3, 2797
List the prime factors of (13 - 13 - 3) + 33616 + 9.
2, 16811
Suppose -2*a - 3*a + 820 = 0. Let j be 39/(6/(-10) - 2/(-20)). Let o = j + a. List the prime factors of o.
2, 43
Let d = 1947 - 696. What are the prime factors of d?
3, 139
Suppose 5*x = -x + 792. Suppose -2*y + 3*n = 89, 2*y - 4*n = -y - x. Let c = y + 90. What are the prime factors of c?
2, 5
Let y = 256 + -254. What are the prime factors of (y/(-3))/((-40)/20220)?
337
